8*l**2 + 9*l - 181. Determine w(9).
-19
Let t(p) = -2*p**2 + 35*p + 69. Calculate t(-12).
-639
Let j(a) = 3935*a - 19643. What is j(5)?
32
Let b(o) = -4*o**2 - 28*o - 17. Determine b(-6).
7
Let r(k) = 87*k + 974. Give r(-11).
17
Let q(m) = -m**3 + 16*m**2 + 161*m + 4. What is q(23)?
4
Let g(x) = 553*x + 81843. What is g(-148)?
-1
Let u(s) = 15*s**3 - 122*s**2 + 13*s. What is u(8)?
-24
Let t(n) = n**3 + n**2 + 6*n - 9. Calculate t(3).
45
Let a(b) = b**3 - 41*b**2 + 168*b - 2081. Determine a(38).
-29
Let v(d) = d**3 - 47*d**2 + 20*d + 1586. Determine v(46).
390
Let o(r) = -4*r**2 - 135*r - 650. Give o(-28).
-6
Let i(y) = -26*y + 1889. Give i(71).
43
Let b(y) = 138*y + 1111. What is b(-8)?
7
Let z(b) = -250*b - 3995. Calculate z(-16).
5
Let w(p) = 130*p + 1408. Give w(-11).
-22
Let h(y) = -y**3 + 16*y**2 - 73*y + 52. Give h(10).
-78
Let r(u) = u**2 - 253*u + 14649. Give r(163).
-21
Let i(p) = 195*p**3 - 3*p**2 - 28*p - 26. What is i(-1)?
-196
Let l(t) = -4*t**2 + 99*t - 80. What is l(24)?
-8
Let c(g) = 3*g**2 + 64*g - 695. Calculate c(12).
505
Let q(v) = 47*v - 2012. Calculate q(44).
56
Let o(f) = -3*f**2 - 23*f - 9. Give o(-9).
-45
Let t(r) = -r**2 + 106*r - 2451. Calculate t(62).
277
Let b(y) = -y**2 - 4048*y - 12139. Give b(-3).
-4
Let n(r) = -r**2 + 24*r - 72. Determine n(11).
71
Let v(h) = 97*h**3 + 4*h**2 + 2*h. Calculate v(-2).
-764
Let f(u) = -u**2 - 42*u - 358. Determine f(-33).
-61
Let b(d) = 164*d - 42. Give b(0).
-42
Let p(j) = -2*j**3 - 33*j**2 + 44*j - 17. Give p(-16).
-977
Let h(u) = -u**3 - 27*u**2 + 29*u + 51. Give h(-28).
23
Let d(a) = 99*a + 893. What is d(-8)?
101
Let j(r) = 24*r - 465. Calculate j(23).
87
Let a(n) = -30*n - 599. Calculate a(-20).
1
Let v(i) = i**3 - 224*i**2 - 1148*i - 18. Calculate v(-5).
-3
Let n(c) = 69*c + 182. Calculate n(4).
458
Let b(o) = -4*o**2 + 7*o - 49. What is b(6)?
-151
Let n(t) = t**3 + 25*t**2 + 28*t + 48. What is n(-24)?
-48
Let p(j) = -29*j**2 + 172*j. Determine p(6).
-12
Let t(s) = -5*s**2 - 497*s + 294. Determine t(-100).
-6
Let r(m) = 3*m**3 + 2*m**2 - 3*m - 1. What is r(-3)?
-55
Let c(f) = 14*f**2 + 48*f + 14. Give c(-3).
-4
Let g(l) = -28*l + 34. Calculate g(0).
34
Let p(o) = -5*o**2 - 68*o - 121. Calculate p(-11).
22
Let s(b) = 122*b + 243. What is s(-2)?
-1
Let r(t) = 3*t**2 - 33*t + 28. Calculate r(10).
-2
Let f(d) = d**3 + 8*d**2 - 29*d - 113. Determine f(-10).
-23
Let h(f) = -35*f + 922. Give h(27).
-23
Let i(u) = u**2 + 2*u - 320. Calculate i(20).
120
Let q(z) = -77*z - 85. Calculate q(-1).
-8
Let f(d) = -d**3 - 12*d**2 - 20*d - 72. What is f(-11)?
27
Let i(y) = 1644*y - 37808. Calculate i(23).
4
Let g(c) = -58*c + 86. What is g(-5)?
376
Let j(z) = -z**2 + 45*z + 19809. Give j(-120).
9
Let p(t) = -15*t**3 + 243*t**2 - 48*t - 1. What is p(16)?
-1
Let t(n) = -n**3 - 14*n**2 + 6*n - 416. Determine t(-16).
0
Let b(f) = f + 77. What is b(-20)?
57
Let r(a) = a**2 - 3*a - 363. Calculate r(-18).
15
Let m(q) = -82*q - 37. Give m(6).
-529
Let f(k) = -k**2 + 406*k - 4358. Determine f(11).
-13
Let w(r) = 17*r**2 - 2960*r + 339. What is w(174)?
-9
Let f(y) = 19*y**2 - 2287*y + 836. What is f(120)?
-4
Let h(a) = -14*a**2 + 1881*a - 663. Calculate h(134).
7
Let w(x) = 115*x**2 - 1376*x - 29. Calculate w(12).
19
Let v(p) = -p**3 - 16*p**2 - 27*p + 95. Calculate v(-14).
81
Let r(b) = -524*b + 3696. What is r(7)?
28
Let h(p) = -15*p - 165. Give h(-14).
45
Let d(a) = a**2 + 68*a + 608. Calculate d(-62).
236
Let w(l) = -9*l**3 - 4*l**2 - 15*l - 48. What is w(-3)?
204
Let n(t) = t**2 - 21*t + 105. Determine n(18).
51
Let j(y) = -y**2 - 33*y - 69. Determine j(-3).
21
Let b(m) = 3*m**3 + 5*m**2 + 8*m - 22. What is b(4)?
282
Let b(f) = 9*f + 84. Calculate b(-34).
-222
Let r(s) = 4*s**3 + 5*s**2 + 12*s + 6. What is r(-2)?
-30
Let c(a) = -26*a**2 - 776*a + 94. What is c(-30)?
-26
Let m(z) = z**2 + 70*z + 1195. What is m(-29)?
6
Let l(n) = n**2 - 3*n + 21. Determine l(5).
31
Let r(g) = 488*g - 19029. Determine r(39).
3
Let l(u) = u**2 - 91*u - 871. Give l(100).
29
Let n(f) = -167*f - 1010. What is n(-6)?
-8
Let x(b) = -26637*b - 53276. Determine x(-2).
-2
Let p(k) = k**3 - 9*k**2 - 18*k + 89. Determine p(10).
9
Let y(c) = -6*c**3 + c**2 + 115*c + 226. Give y(-2).
48
Let f(n) = -8*n**2 + 483*n - 114. Calculate f(60).
66
Let g(v) = 66*v - 405. Calculate g(7).
57
Let l(m) = m**3 - 16*m**2 + 63*m - 82. Give l(3).
-10
Let v(y) = -7*y**3 + 2*y**2 + 3*y - 7. What is v(2)?
-49
Let n(b) = -b**2 - 56*b - 233. Determine n(-54).
-125
Let o(u) = -2*u**2 + 70*u + 783. Determine o(45).
-117
Let v(n) = 4*n**2 + 15*n - 237. Determine v(5).
-62
Let j(v) = 4*v**3 - 156*v**2 - 3*v + 155. Give j(39).
38
Let j(p) = -p**3 - 21*p**2 - 26*p - 55. Determine j(-20).
65
Let g(m) = -m**2 - 18*m + 946. What is g(28)?
-342
Let l(g) = 2031*g - 6079. Determine l(3).
14
Let p(q) = 132*q + 1780. Give p(-13).
64
Let r(c) = c**3 - 5*c**2 + 22*c - 164. Give r(6).
4
Let d(t) = -t**2 + 3*t + 13. What is d(-7)?
-57
Let x(p) = -2*p**2 + 9*p + 97. What is x(-5)?
2
Let d(w) = -w**2 + 76*w - 760. Give d(12).
8
Let k(s) = 124*s + 1948. Give k(-21).
-656
Let z(g) = -g**2 + 191*g + 1831. Calculate z(-9).
31
Let n(t) = t**2 - 35*t + 75. Calculate n(36).
111
Let g(d) = d**3 + 23*d**2 + 118*d - 29. Determine g(-15).
1
Let z(o) = -o**3 - 9*o**2 + 4*o + 76. What is z(-5)?
-44
Let j(g) = g**2 + 26*g + 28. Calculate j(-26).
28
Let a(l) = 4*l + 28. Calculate a(-11).
-16
Let i(a) = 2*a**2 - 35*a + 108. Give i(14).
10
Let j(y) = -y**3 + y**2 + y - 149. Give j(0).
-149
Let n(m) = -m**3 - 24*m**2 - 13*m - 17. Give n(-23).
-247
Let k(g) = -g**3 + 8*g**2 + 11*g + 39. What is k(9)?
57
Let v(f) = f**3 + 4*f**2 - 8*f + 62. Calculate v(-8).
-130
Let w(n) = -2*n**3 - 19*n**2 - 23*n + 84. Calculate w(-7).
0
Let j(v) = -v**3 + 43*v**2 + 45*v - 102. Determine j(44).
-58
Let z(v) = -44*v - 5981. What is z(-136)?
3
Let l(z) = -z**3 - 27*z**2 + 3*z - 14. Determine l(-27).
-95
Let z(f) = f**2 + 80*f + 213. Calculate z(0).
213
Let z(v) = v**3 + 3*v**2 - 40*v - 10. What is z(-8)?
-10
Let d(y) = -y**3 + 18*y**2 + 9*y + 326. Calculate d(19).
136
Let t(i) = i**2 - 10*i - 105. Calculate t(17).
14
Let r(g) = 784*g + 2357. Give r(-3).
5
Let d(t) = -11*t**3 - 191*t**2 - 69*t - 19. Determine d(-17).
-2
Let o(k) = k**2 + 14*k + 6. What is o(-4)?
-34
Let s(y) = -y**2 + 303*y - 2345. Determine s(8).
15
Let m(r) = r**3 + 6*r**2 + 5*r + 1. Give m(-5).
1
Let r(w) = -w**2 + 32*w + 56. What is r(34)?
-12
Let q(h) = h**3 + 4*h**2 + 13*h + 24. Calculate q(-6).
-126
Let h(u) = u**3 + 21*u**2 - 48*u + 81. Calculate h(-23).
127
Let b(w) = 3*w**2 - 13*w - 224. What is b(-7)?
14
Let z(t) = -26*t**3 - 12*t**2 + 22*t + 91. Calculate z(-2).
207
Let t(w) = 83*w + 7528. Determine t(-91).
-25
Let g(b) = b**3 - 13*b**2 + 16*b - 58. Give g(12).
-10
Let d(f) = 132*f**3 + 6*f**2 - 5*f - 9. Calculate d(-1).
-130
Let p(r) = 166*r - 2979. Calculate p(18).
9
Let k(q) = -q**3 + 107*q**2 - 107*q + 111. Calculate k(106).
5
Let j(f) = -3*f**2 - 607*f + 1219. Determine j(2).
-7
Let a(g) = 121*g + 991. Give a(-7).
144
Let b(g) = -g**2 + 13*g - 23. What is b(12)?
-11
Let p(l) = -16656*l - 333125. Calculate p(-20).
-5
Let a(x) = -x**3 - 8*x**2 + 105*x + 789. Calculate a(-7).
5
Let o(n) = -2*n**2 + 28*n - 114. What is o(15)?
-144
Let t(a) = a**3 - 14*a - 22. Calculate t(-5).
-77
Let t(l) = -3*l**3 - 22*l**2 + l - 33. Give t(-8).
87
Let x(s) = -s + 132. What is x(-20)?
152
Let u(p) = p**3 - 62*p**2 + 61*p + 29. Determine u(61).
29
Let h(f) = -2*f**2 + 73*f - 29. Give h(37).
-66
Let j(i) = 12*i**2 - 84*i + 14. What is j(7)?
14
Let c(s) = s**3 + 16*s**2 - 19*s + 275. What is c(-18)?
-31
Let i(g) = 5338*g + 427043. What is i(-80)?
3
Let h(j) = -530*j + 14836. Determine h(28).
-4
Let g(c) = c**3 + 29*c**2 - 25*c - 725. What is g(-29)?
0
Let o(s) = s**2 + 263*s - 1909. Determine o(7).
-19
Let p(a) = -18*a + 14. Give p(6).
-94
Let r(p) = -24*p + 238. Give r(-8).
430
Let p(h) = -h**3 + 13*h**2 - 48*h + 61. Determine p(9).
-47
Let o(t) = -2*t**2 + 78*t - 2. What is o(39)?
-2
Let b(s) = -s**3 + 12*s**2 - 34*s - 14. Calculate b(5).
-9
Let t(q) = -q**3 + 95*q**2 - 356*q - 349. Give t(91).
379
Let a(g) = g**2 + 33*g + 372. What is a(-16)?
100
Let a(t) = -9*t**3 + 125*t**2 + 10*t + 89. What is a(14)?
33
Let c(m) = -m**2 - 17*m - 11. Gi